{"id":94,"date":"2016-03-10T12:53:31","date_gmt":"2016-03-10T10:53:31","guid":{"rendered":"https:\/\/www.erkkilansuku.fi\/?page_id=94"},"modified":"2023-09-29T12:35:50","modified_gmt":"2023-09-29T09:35:50","slug":"taydenna_tietoja","status":"publish","type":"page","link":"https:\/\/www.erkkilansuku.fi\/index.php\/taydenna_tietoja\/","title":{"rendered":"T\u00e4ydenn\u00e4 tietoja"},"content":{"rendered":"<div id=\"pl-94\"  class=\"panel-layout\" ><div id=\"pg-94-0\"  class=\"panel-grid panel-no-style\" ><div id=\"pgc-94-0-0\"  class=\"panel-grid-cell\" ><div id=\"panel-94-0-0-0\" class=\"so-panel widget widget_sow-editor panel-first-child\" data-index=\"0\" ><div\n\t\t\t\n\t\t\tclass=\"so-widget-sow-editor so-widget-sow-editor-base\"\n\t\t\t\n\t\t><h3 class=\"widget-title\">T\u00e4ydenn\u00e4 tietoja<\/h3>\n<div class=\"siteorigin-widget-tinymce textwidget\">\n\t<p>Sukuseura pit\u00e4\u00e4 suvusta yll\u00e4 tietokantaa, josta voidaan koota aikanaan uusia julkaisuja. Edelliseen kirjaan j\u00e4i varmasti joitakin puutteita vanhempiin sukupolviin, mutta varsinkin viime vuosikymmenten tapahtumiin: sukulaisia kuolee, lapsia syntyy, liittoja solmitaan ja puretaan. Toivomme, ett\u00e4 tarkistat kirjasta l\u00e4hisukusi tiedot ja l\u00e4het\u00e4t puuttuvat tai muuttuneet tiedot ja uudet tapahtumat alla olevaa lomakketta k\u00e4ytt\u00e4en. Nimi ja syntym\u00e4tiedot tarvitaan ehdottomasti muutosten kohdistamiseksi oikealle henkil\u00f6lle. <strong><span style=\"text-decoration: underline;\">Yhteystietoja ei paineta sukukirjaan, mutta niit\u00e4 saatetaan tarvita mahdollisten ep\u00e4selvyyksien tarkistamiseksi.<\/span><\/strong> Kirjoita ajantasaiset tiedot tyhjiin ruutuihin, paina \"L\u00e4het\u00e4 tiedot\" -nappia ja t\u00e4yt\u00e4 uudestaan toisen l\u00e4hisukulaisen tiedoilla. <a href=\"https:\/\/www.erkkilansuku.fi\/wp-content\/uploads\/2023\/09\/Sukututkimusrekisterin-tietosuojaseloste.pdf\">Sukututkimusrekisterin tietosuojaseloste<\/a><\/p>\n<\/div>\n<\/div><\/div><div id=\"panel-94-0-0-1\" class=\"so-panel widget widget_sow-editor panel-last-child\" data-index=\"1\" ><div\n\t\t\t\n\t\t\tclass=\"so-widget-sow-editor so-widget-sow-editor-base\"\n\t\t\t\n\t\t>\n<div class=\"siteorigin-widget-tinymce textwidget\">\n\t\n<div class=\"wpcf7 no-js\" id=\"wpcf7-f93-o1\" lang=\"fi\" dir=\"ltr\" data-wpcf7-id=\"93\">\n<div class=\"screen-reader-response\"><p role=\"status\" aria-live=\"polite\" aria-atomic=\"true\"><\/p> <ul><\/ul><\/div>\n<form action=\"\/index.php\/wp-json\/wp\/v2\/pages\/94#wpcf7-f93-o1\" method=\"post\" class=\"wpcf7-form init\" aria-label=\"Yhteydenottolomake\" novalidate=\"novalidate\" data-status=\"init\">\n<fieldset class=\"hidden-fields-container\"><input type=\"hidden\" name=\"_wpcf7\" value=\"93\" \/><input type=\"hidden\" name=\"_wpcf7_version\" value=\"6.1.5\" \/><input type=\"hidden\" name=\"_wpcf7_locale\" value=\"fi\" \/><input type=\"hidden\" name=\"_wpcf7_unit_tag\" value=\"wpcf7-f93-o1\" \/><input type=\"hidden\" name=\"_wpcf7_container_post\" value=\"0\" \/><input type=\"hidden\" name=\"_wpcf7_posted_data_hash\" value=\"\" \/>\n<\/fieldset>\n<p>Koko nimi:\n<\/p>\n<p><span class=\"wpcf7-form-control-wrap\" data-name=\"nimi\"><input size=\"40\" maxlength=\"400\" class=\"wpcf7-form-control wpcf7-text\" aria-invalid=\"false\" value=\"\" type=\"text\" name=\"nimi\" \/><\/span>\n<\/p>\n<p>Osoite:\n<\/p>\n<p><span class=\"wpcf7-form-control-wrap\" data-name=\"osoite\"><input size=\"40\" maxlength=\"400\" class=\"wpcf7-form-control wpcf7-text\" aria-invalid=\"false\" value=\"\" type=\"text\" name=\"osoite\" \/><\/span>\n<\/p>\n<p>S\u00e4hk\u00f6posti:\n<\/p>\n<p><span class=\"wpcf7-form-control-wrap\" data-name=\"email\"><input size=\"40\" maxlength=\"400\" class=\"wpcf7-form-control wpcf7-text\" aria-invalid=\"false\" value=\"\" type=\"text\" name=\"email\" \/><\/span>\n<\/p>\n<p>Puhelinnumero:\n<\/p>\n<p><span class=\"wpcf7-form-control-wrap\" data-name=\"puhelin\"><input size=\"40\" maxlength=\"400\" class=\"wpcf7-form-control wpcf7-text\" aria-invalid=\"false\" value=\"\" type=\"text\" name=\"puhelin\" \/><\/span>\n<\/p>\n<p>Syntym\u00e4aika ja -paikka:\n<\/p>\n<p><span class=\"wpcf7-form-control-wrap\" data-name=\"syntymaaikajapaikka\"><input size=\"40\" maxlength=\"400\" class=\"wpcf7-form-control wpcf7-text\" aria-invalid=\"false\" value=\"\" type=\"text\" name=\"syntymaaikajapaikka\" \/><\/span>\n<\/p>\n<p>Koulutus ja ammatti:\n<\/p>\n<p><span class=\"wpcf7-form-control-wrap\" data-name=\"koulutus\"><input size=\"40\" maxlength=\"400\" class=\"wpcf7-form-control wpcf7-text\" aria-invalid=\"false\" value=\"\" type=\"text\" name=\"koulutus\" \/><\/span>\n<\/p>\n<p>Puolison koko nimi (omaa sukua):\n<\/p>\n<p><span class=\"wpcf7-form-control-wrap\" data-name=\"puolisonnimi\"><input size=\"40\" maxlength=\"400\" class=\"wpcf7-form-control wpcf7-text\" aria-invalid=\"false\" value=\"\" type=\"text\" name=\"puolisonnimi\" \/><\/span>\n<\/p>\n<p>Puolison syntym\u00e4aika- ja paikka:\n<\/p>\n<p><span class=\"wpcf7-form-control-wrap\" data-name=\"puolisonsyntymaaikajapaikka\"><input size=\"40\" maxlength=\"400\" class=\"wpcf7-form-control wpcf7-text\" aria-invalid=\"false\" value=\"\" type=\"text\" name=\"puolisonsyntymaaikajapaikka\" \/><\/span>\n<\/p>\n<p>Puolison koulutus ja ammatti:\n<\/p>\n<p><span class=\"wpcf7-form-control-wrap\" data-name=\"puolisonkoulutus\"><input size=\"40\" maxlength=\"400\" class=\"wpcf7-form-control wpcf7-text\" aria-invalid=\"false\" value=\"\" type=\"text\" name=\"puolisonkoulutus\" \/><\/span>\n<\/p>\n<p>Vihkiaika ja -paikka:\n<\/p>\n<p><span class=\"wpcf7-form-control-wrap\" data-name=\"vihkiaikajapaikka\"><input size=\"40\" maxlength=\"400\" class=\"wpcf7-form-control wpcf7-text\" aria-invalid=\"false\" value=\"\" type=\"text\" name=\"vihkiaikajapaikka\" \/><\/span>\n<\/p>\n<p>Lasten nimet, syntym\u00e4ajat ja -paikat:\n<\/p>\n<p><span class=\"wpcf7-form-control-wrap\" data-name=\"lastentiedot\"><textarea cols=\"40\" rows=\"10\" maxlength=\"2000\" class=\"wpcf7-form-control wpcf7-textarea\" aria-invalid=\"false\" name=\"lastentiedot\"><\/textarea><\/span>\n<\/p>\n<p>Muita tietoja (kuolema, ero, vanhemmat, sukukirjan taulunumero ym.):\n<\/p>\n<p><span class=\"wpcf7-form-control-wrap\" data-name=\"muuta\"><textarea cols=\"40\" rows=\"10\" maxlength=\"2000\" class=\"wpcf7-form-control wpcf7-textarea\" aria-invalid=\"false\" name=\"muuta\"><\/textarea><\/span>\n<\/p>\n<p><input class=\"wpcf7-form-control wpcf7-submit has-spinner\" type=\"submit\" value=\"L\u00e4het\u00e4 tiedot\" \/>\n<\/p><div class=\"wpcf7-response-output\" aria-hidden=\"true\"><\/div>\n<\/form>\n<\/div>\n\n<\/div>\n<\/div><\/div><\/div><\/div><\/div>","protected":false},"excerpt":{"rendered":"<p>Sukuseura pit\u00e4\u00e4 suvusta yll\u00e4 tietokantaa, josta voidaan koota aikanaan uusia julkaisuja. Edelliseen kirjaan j\u00e4i varmasti joitakin puutteita vanhempiin sukupolviin, mutta varsinkin viime vuosikymmenten tapahtumiin: sukulaisia kuolee, lapsia syntyy, liittoja solmitaan ja puretaan. Toivomme, ett\u00e4 tarkistat kirjasta l\u00e4hisukusi tiedot ja l\u00e4het\u00e4t puuttuvat tai muuttuneet tiedot ja uudet tapahtumat alla olevaa lomakketta k\u00e4ytt\u00e4en. Nimi ja syntym\u00e4tiedot tarvitaan [&hellip;]<\/p>\n","protected":false},"author":1,"featured_media":0,"parent":0,"menu_order":0,"comment_status":"closed","ping_status":"closed","template":"","meta":{"footnotes":""},"class_list":["post-94","page","type-page","status-publish","hentry"],"_links":{"self":[{"href":"https:\/\/www.erkkilansuku.fi\/index.php\/wp-json\/wp\/v2\/pages\/94","targetHints":{"allow":["GET"]}}],"collection":[{"href":"https:\/\/www.erkkilansuku.fi\/index.php\/wp-json\/wp\/v2\/pages"}],"about":[{"href":"https:\/\/www.erkkilansuku.fi\/index.php\/wp-json\/wp\/v2\/types\/page"}],"author":[{"embeddable":true,"href":"https:\/\/www.erkkilansuku.fi\/index.php\/wp-json\/wp\/v2\/users\/1"}],"replies":[{"embeddable":true,"href":"https:\/\/www.erkkilansuku.fi\/index.php\/wp-json\/wp\/v2\/comments?post=94"}],"version-history":[{"count":5,"href":"https:\/\/www.erkkilansuku.fi\/index.php\/wp-json\/wp\/v2\/pages\/94\/revisions"}],"predecessor-version":[{"id":97,"href":"https:\/\/www.erkkilansuku.fi\/index.php\/wp-json\/wp\/v2\/pages\/94\/revisions\/97"}],"wp:attachment":[{"href":"https:\/\/www.erkkilansuku.fi\/index.php\/wp-json\/wp\/v2\/media?parent=94"}],"curies":[{"name":"wp","href":"https:\/\/api.w.org\/{rel}","templated":true}]}}