{"id":54,"date":"2016-03-10T11:29:37","date_gmt":"2016-03-10T09:29:37","guid":{"rendered":"https:\/\/www.erkkilansuku.fi\/?page_id=54"},"modified":"2022-10-26T09:41:19","modified_gmt":"2022-10-26T06:41:19","slug":"hallitus","status":"publish","type":"page","link":"https:\/\/www.erkkilansuku.fi\/index.php\/hallitus\/","title":{"rendered":"Hallitus"},"content":{"rendered":"<div id=\"pl-54\"  class=\"panel-layout\" ><div id=\"pg-54-0\"  class=\"panel-grid panel-no-style\" ><div id=\"pgc-54-0-0\"  class=\"panel-grid-cell\" ><div id=\"panel-54-0-0-0\" class=\"so-panel widget widget_sow-editor panel-first-child\" data-index=\"0\" ><div\n\t\t\t\n\t\t\tclass=\"so-widget-sow-editor so-widget-sow-editor-base\"\n\t\t\t\n\t\t><h3 class=\"widget-title\">Hallitus<\/h3>\n<div class=\"siteorigin-widget-tinymce textwidget\">\n\t<p>Sukutoimintaa py\u00f6ritt\u00e4\u00e4 sukutoimikunta eli hallitus. Sen nimitt\u00e4\u00e4 sukukokous sukujuhlissa viiden vuoden v\u00e4lein.<\/p>\n<p>Sukutoimikuntaan kuuluvat:<\/p>\n<\/div>\n<\/div><\/div><div id=\"panel-54-0-0-1\" class=\"so-panel widget widget_sow-editor\" data-index=\"1\" ><div\n\t\t\t\n\t\t\tclass=\"so-widget-sow-editor so-widget-sow-editor-base\"\n\t\t\t\n\t\t>\n<div class=\"siteorigin-widget-tinymce textwidget\">\n\t<p><span style=\"text-decoration: underline;\"><strong>Puheenjohtaja<\/strong><\/span><\/p>\n<p>Hannele Suvanto<br \/>\n050-562 3097 (iltaisin)<br \/>\netunimi.sukunimi\u00a0 at\u00a0 helsinki.fi<\/p>\n<\/div>\n<\/div><\/div><div id=\"panel-54-0-0-2\" class=\"so-panel widget widget_sow-editor\" data-index=\"2\" ><div\n\t\t\t\n\t\t\tclass=\"so-widget-sow-editor so-widget-sow-editor-base\"\n\t\t\t\n\t\t>\n<div class=\"siteorigin-widget-tinymce textwidget\">\n\t<p><strong><span style=\"text-decoration: underline;\">P\u00e4\u00e4em\u00e4nt\u00e4<\/span><\/strong><\/p>\n<p>Irma Rinta-Jaskari<br \/>\n050 3387951<br \/>\netunimisukunimi ilman v\u00e4liviivaa@gmail.com<\/p>\n<\/div>\n<\/div><\/div><div id=\"panel-54-0-0-3\" class=\"so-panel widget widget_sow-editor\" data-index=\"3\" ><div\n\t\t\t\n\t\t\tclass=\"so-widget-sow-editor so-widget-sow-editor-base\"\n\t\t\t\n\t\t>\n<div class=\"siteorigin-widget-tinymce textwidget\">\n\t<p><strong><span style=\"text-decoration: underline;\">Sihteeri<\/span><\/strong><\/p>\n<p>Jorma Kallio<br \/>\n050-511 8869<br \/>\nkallionjorma at gmail.com<\/p>\n<\/div>\n<\/div><\/div><div id=\"panel-54-0-0-4\" class=\"so-panel widget widget_sow-editor\" data-index=\"4\" ><div\n\t\t\t\n\t\t\tclass=\"so-widget-sow-editor so-widget-sow-editor-base\"\n\t\t\t\n\t\t>\n<div class=\"siteorigin-widget-tinymce textwidget\">\n\t<p><strong><span style=\"text-decoration: underline;\">Rahastonhoitaja<\/span><\/strong><\/p>\n<p>Leena Rantala<br \/>040-728 6936<br \/>etunimi.m.sukunimi@hotmail.com<\/p>\n<\/div>\n<\/div><\/div><div id=\"panel-54-0-0-5\" class=\"so-panel widget widget_sow-editor panel-last-child\" data-index=\"5\" ><div\n\t\t\t\n\t\t\tclass=\"so-widget-sow-editor so-widget-sow-editor-base\"\n\t\t\t\n\t\t>\n<div class=\"siteorigin-widget-tinymce textwidget\">\n\t<p>Timo Erkkil\u00e4 (J\u00e4senrekisteri, nettisivut, facebook-ryhm\u00e4)<br \/>\n040-506 1832<br \/>\netunimi.sukunimi@netikka.fi<\/p>\n<p>Leena Rintala (Sukutietokanta)<br \/>\n0400-564 308<br \/>\netunimi.sukunimi@netikka.fi<\/p>\n<p>Irma Mattila<br \/>\n050-323 4544<br \/>\netunimi.sukunimi at gmail.com<\/p>\n<p>Liisa Saarelainen<br \/>\n050-550 7543<br \/>\nlissu.sukunimi at elisanet.fi<\/p>\n<p>Sami Laine<br \/>\n050-529 8870<br \/>\netunimi.sukunimi@netikka.fi<\/p>\n<p>Jorma Suvanto<br \/>\n050-554 0377<br \/>\netunimi.sukunimi@netikka.fi<\/p>\n<p>Seppo Mantere<br \/>\n0400-562 993<br \/>\netunimi.sukunimi@hotmail.com<\/p>\n<p>&nbsp;<\/p>\n<\/div>\n<\/div><\/div><\/div><\/div><\/div>","protected":false},"excerpt":{"rendered":"<p>Sukutoimintaa py\u00f6ritt\u00e4\u00e4 sukutoimikunta eli hallitus. Sen nimitt\u00e4\u00e4 sukukokous sukujuhlissa viiden vuoden v\u00e4lein. Sukutoimikuntaan kuuluvat: Puheenjohtaja Hannele Suvanto 050-562 3097 (iltaisin) etunimi.sukunimi\u00a0 at\u00a0 helsinki.fi P\u00e4\u00e4em\u00e4nt\u00e4 Irma Rinta-Jaskari 050 3387951 etunimisukunimi ilman v\u00e4liviivaa@gmail.com Sihteeri Jorma Kallio 050-511 8869 kallionjorma at gmail.com RahastonhoitajaLeena Rantala040-728 6936etunimi.m.sukunimi@hotmail.com Timo Erkkil\u00e4 (J\u00e4senrekisteri, nettisivut, facebook-ryhm\u00e4) 040-506 1832 etunimi.sukunimi@netikka.fi Leena Rintala (Sukutietokanta) 0400-564 308 [&hellip;]<\/p>\n","protected":false},"author":1,"featured_media":0,"parent":0,"menu_order":0,"comment_status":"closed","ping_status":"closed","template":"","meta":{"footnotes":""},"class_list":["post-54","page","type-page","status-publish","hentry"],"_links":{"self":[{"href":"https:\/\/www.erkkilansuku.fi\/index.php\/wp-json\/wp\/v2\/pages\/54","targetHints":{"allow":["GET"]}}],"collection":[{"href":"https:\/\/www.erkkilansuku.fi\/index.php\/wp-json\/wp\/v2\/pages"}],"about":[{"href":"https:\/\/www.erkkilansuku.fi\/index.php\/wp-json\/wp\/v2\/types\/page"}],"author":[{"embeddable":true,"href":"https:\/\/www.erkkilansuku.fi\/index.php\/wp-json\/wp\/v2\/users\/1"}],"replies":[{"embeddable":true,"href":"https:\/\/www.erkkilansuku.fi\/index.php\/wp-json\/wp\/v2\/comments?post=54"}],"version-history":[{"count":23,"href":"https:\/\/www.erkkilansuku.fi\/index.php\/wp-json\/wp\/v2\/pages\/54\/revisions"}],"predecessor-version":[{"id":604,"href":"https:\/\/www.erkkilansuku.fi\/index.php\/wp-json\/wp\/v2\/pages\/54\/revisions\/604"}],"wp:attachment":[{"href":"https:\/\/www.erkkilansuku.fi\/index.php\/wp-json\/wp\/v2\/media?parent=54"}],"curies":[{"name":"wp","href":"https:\/\/api.w.org\/{rel}","templated":true}]}}