{"id":45,"date":"2016-03-10T11:28:33","date_gmt":"2016-03-10T09:28:33","guid":{"rendered":"https:\/\/www.erkkilansuku.fi\/?page_id=45"},"modified":"2016-03-29T12:43:18","modified_gmt":"2016-03-29T09:43:18","slug":"suku","status":"publish","type":"page","link":"https:\/\/www.erkkilansuku.fi\/index.php\/suku\/","title":{"rendered":"Suku"},"content":{"rendered":"<div id=\"pl-45\"  class=\"panel-layout\" ><div id=\"pg-45-0\"  class=\"panel-grid panel-no-style\" ><div id=\"pgc-45-0-0\"  class=\"panel-grid-cell\" ><div id=\"panel-45-0-0-0\" class=\"so-panel widget widget_sow-editor panel-first-child panel-last-child\" data-index=\"0\" ><div\n\t\t\t\n\t\t\tclass=\"so-widget-sow-editor so-widget-sow-editor-base\"\n\t\t\t\n\t\t><h3 class=\"widget-title\">Suku<\/h3>\n<div class=\"siteorigin-widget-tinymce textwidget\">\n\t<p>Erkkil\u00e4n suku Etel\u00e4-Pohjanmaalta Lapuanjokilaaksosta laskee periytyv\u00e4ns\u00e4 talollinen Jaakko Juhonpoika Erkkil\u00e4st\u00e4, joka oli syntynyt vuonna 1617 Lapualla ja h\u00e4nen em\u00e4nn\u00e4st\u00e4\u00e4n Helga Pietarintyt\u00e4r L\u00f6\u00f6p\u00e4rist\u00e4. Alkup\u00e4\u00e4n <a href=\"https:\/\/www.erkkilansuku.fi\/index.php\/sukutauluja\/\">sukutauluja<\/a> l\u00f6yd\u00e4t tuosta.<\/p>\n<p>Sukutoimikunta yll\u00e4pit\u00e4\u00e4 tietokantaa suvun j\u00e4senist\u00e4 tuosta alkupisteest\u00e4 alkaen aina t\u00e4h\u00e4n p\u00e4iv\u00e4\u00e4n saakka. Tietokannasta on tehty jo kolme sukukirjaa, viimeksi vuonna 2012. Jotta tietomme olisivat ajan tasalla, pyyd\u00e4mme kaikkia tarkistamaan l\u00e4hisukunsa tiedot ja ilmoittamaan t\u00e4ydennykset <a href=\"https:\/\/www.erkkilansuku.fi\/index.php\/taydenna_tietoja\/\">lomakkeella.<\/a><\/p>\n<p>T\u00e4st\u00e4 voit helposti tarkistaa, kuulutko sukuun, jos muistat isovanhempiesi tai heid\u00e4n vanhempiensa nimen ja syntym\u00e4ajan.<\/p>\n<\/div>\n<\/div><\/div><\/div><\/div><\/div>","protected":false},"excerpt":{"rendered":"<p>Erkkil\u00e4n suku Etel\u00e4-Pohjanmaalta Lapuanjokilaaksosta laskee periytyv\u00e4ns\u00e4 talollinen Jaakko Juhonpoika Erkkil\u00e4st\u00e4, joka oli syntynyt vuonna 1617 Lapualla ja h\u00e4nen em\u00e4nn\u00e4st\u00e4\u00e4n Helga Pietarintyt\u00e4r L\u00f6\u00f6p\u00e4rist\u00e4. Alkup\u00e4\u00e4n sukutauluja l\u00f6yd\u00e4t tuosta.Sukutoimikunta yll\u00e4pit\u00e4\u00e4 tietokantaa suvun j\u00e4senist\u00e4 tuosta alkupisteest\u00e4 alkaen aina t\u00e4h\u00e4n p\u00e4iv\u00e4\u00e4n saakka. Tietokannasta on tehty jo kolme sukukirjaa, viimeksi vuonna 2012. Jotta tietomme olisivat ajan tasalla, pyyd\u00e4mme kaikkia tarkistamaan l\u00e4hisukunsa [&hellip;]<\/p>\n","protected":false},"author":1,"featured_media":0,"parent":0,"menu_order":0,"comment_status":"closed","ping_status":"closed","template":"","meta":{"footnotes":""},"class_list":["post-45","page","type-page","status-publish","hentry"],"_links":{"self":[{"href":"https:\/\/www.erkkilansuku.fi\/index.php\/wp-json\/wp\/v2\/pages\/45","targetHints":{"allow":["GET"]}}],"collection":[{"href":"https:\/\/www.erkkilansuku.fi\/index.php\/wp-json\/wp\/v2\/pages"}],"about":[{"href":"https:\/\/www.erkkilansuku.fi\/index.php\/wp-json\/wp\/v2\/types\/page"}],"author":[{"embeddable":true,"href":"https:\/\/www.erkkilansuku.fi\/index.php\/wp-json\/wp\/v2\/users\/1"}],"replies":[{"embeddable":true,"href":"https:\/\/www.erkkilansuku.fi\/index.php\/wp-json\/wp\/v2\/comments?post=45"}],"version-history":[{"count":5,"href":"https:\/\/www.erkkilansuku.fi\/index.php\/wp-json\/wp\/v2\/pages\/45\/revisions"}],"predecessor-version":[{"id":394,"href":"https:\/\/www.erkkilansuku.fi\/index.php\/wp-json\/wp\/v2\/pages\/45\/revisions\/394"}],"wp:attachment":[{"href":"https:\/\/www.erkkilansuku.fi\/index.php\/wp-json\/wp\/v2\/media?parent=45"}],"curies":[{"name":"wp","href":"https:\/\/api.w.org\/{rel}","templated":true}]}}